{"id":1146,"date":"2023-10-07T23:28:27","date_gmt":"2023-10-07T23:28:27","guid":{"rendered":"https:\/\/optimumsolar.de\/?page_id=1146"},"modified":"2023-10-11T18:02:13","modified_gmt":"2023-10-11T18:02:13","slug":"impressum","status":"publish","type":"page","link":"https:\/\/optimumsolar.de\/?page_id=1146","title":{"rendered":"Impressum"},"content":{"rendered":"\n<p>OPTIMUM SOLAR GmbH<br>Feringastra\u00dfe 6<br>85774 Unterf\u00f6hring<br>Deutschland<\/p>\n\n\n\n<p>E-Mail: info@optimumsolar.de<\/p>\n\n\n\n<p>Telefon: +49 176 24 11 17 44<\/p>\n\n\n\n<p>Gesch\u00e4ftsf\u00fchrer: Ingo Weeh<\/p>\n\n\n\n<p>Ust.-ID DE361648512<\/p>\n\n\n\n<p>Steuernummer: 143\/131\/89652<\/p>\n\n\n\n<p>Amtsgericht M\u00fcnchen HRB 28148<\/p>\n\n\n\n<p>F\u00fcr namentlich oder mit einem gesonderten Impressum gekennzeichnete Beitr\u00e4ge liegt die Verantwortung bei den jeweiligen Autoren.<\/p>\n\n\n\n<p>Realisation<\/p>\n\n\n\n<p>Logo, Konzept, Gestaltung und Umsetzung<\/p>\n\n\n\n<p>Design Now \u2013 Andreas K\u00fcrzinger<\/p>\n\n\n\n<p>Lindberghstra\u00dfe 18<\/p>\n\n\n\n<p>80939 M\u00fcnchen<\/p>\n\n\n\n<p>Urheberrecht:&nbsp;<\/p>\n\n\n\n<p>Die durch die Seitenbetreiber erstellten Inhalte und Werke auf diesen Seiten, sowie die Ideen, auf denen diese beruhen, unterliegen dem deutschen Urheberrecht. Die Vervielf\u00e4ltigung, Bearbeitung, Verbreitung und jede Art der Verwertung au\u00dferhalb der Grenzen des Urheberrechtes bed\u00fcrfen der schriftlichen Zustimmung des jeweiligen Rechteinhabers oder des Seitenbetreibers. Dies gilt insbesondere f\u00fcr Vervielf\u00e4ltigung, Bearbeitung, \u00dcbersetzung, Einspeicherung, Verarbeitung bzw. Wiedergabe von Inhalten in Datenbanken oder anderen elektronischen Medien und Systemen. Die unerlaubte Vervielf\u00e4ltigung oder Weitergabe einzelner Inhalte oder kompletter Seiten ist nicht gestattet und strafbar. Lediglich die Herstellung von Kopien und Downloads f\u00fcr den pers\u00f6nlichen, privaten und nicht kommerziellen Gebrauch ist erlaubt. Die Darstellung dieser Website in fremden Frames ist nur mit schriftlicher Erlaubnis zul\u00e4ssig.&nbsp;<\/p>\n","protected":false},"excerpt":{"rendered":"<p>OPTIMUM SOLAR GmbHFeringastra\u00dfe 685774 Unterf\u00f6hringDeutschland E-Mail: info@optimumsolar.de Telefon: +49 176 24 11 17 44 Gesch\u00e4ftsf\u00fchrer: Ingo Weeh Ust.-ID DE361648512 Steuernummer: 143\/131\/89652 Amtsgericht M\u00fcnchen HRB 28148 F\u00fcr<span class=\"excerpt-hellip\"> [\u2026]<\/span><\/p>\n","protected":false},"author":1,"featured_media":0,"parent":0,"menu_order":0,"comment_status":"closed","ping_status":"closed","template":"","meta":[],"_links":{"self":[{"href":"https:\/\/optimumsolar.de\/index.php?rest_route=\/wp\/v2\/pages\/1146"}],"collection":[{"href":"https:\/\/optimumsolar.de\/index.php?rest_route=\/wp\/v2\/pages"}],"about":[{"href":"https:\/\/optimumsolar.de\/index.php?rest_route=\/wp\/v2\/types\/page"}],"author":[{"embeddable":true,"href":"https:\/\/optimumsolar.de\/index.php?rest_route=\/wp\/v2\/users\/1"}],"replies":[{"embeddable":true,"href":"https:\/\/optimumsolar.de\/index.php?rest_route=%2Fwp%2Fv2%2Fcomments&post=1146"}],"version-history":[{"count":2,"href":"https:\/\/optimumsolar.de\/index.php?rest_route=\/wp\/v2\/pages\/1146\/revisions"}],"predecessor-version":[{"id":1158,"href":"https:\/\/optimumsolar.de\/index.php?rest_route=\/wp\/v2\/pages\/1146\/revisions\/1158"}],"wp:attachment":[{"href":"https:\/\/optimumsolar.de\/index.php?rest_route=%2Fwp%2Fv2%2Fmedia&parent=1146"}],"curies":[{"name":"wp","href":"https:\/\/api.w.org\/{rel}","templated":true}]}}